t i(h) = -h**2 + 45*h + 1396. Let v be i(-21). What is w(v)?
-50
Let z(i) = 17*i**2 - 12*i + 17. Let o(p) = 24*p**2 - 17*p + 25. Let q(f) = -5*o(f) + 7*z(f). Let u = -6 + 6. What is q(u)?
-6
Suppose 79*z - 32 = 83*z. Let s(v) = 2*v**3 + 11*v**2 - 5*v - 2. Let h(g) = g**3 + 6*g**2 - 2*g - 1. Let l(b) = -5*h(b) + 2*s(b). What is l(z)?
1
Suppose 11*u + 16 = 15*u. Suppose 0 = i + 3*d + 9, d = u*i + 3*d + 66. Let z be i/27 + (1 - (-10)/6). Let l(h) = -2*h. Give l(z).
-4
Let y(v) = v**2 + 3*v - 37. Suppose -2*r - 110*d + 7 = -107*d, -3*r + 4*d = -19. Calculate y(r).
3
Suppose 30 - 45 = -5*j. Suppose 72 = -j*q - 15*q. Let v(o) = o**3 + 3*o**2 - 5*o + 2. Calculate v(q).
6
Let n(t) = -2*t**2 + 529*t**3 - 531*t**3 + 0*t**2 - t. Let f be (-18)/14 - (-9)/(189/6). Determine n(f).
1
Let d(o) be the third derivative of -o**5/15 + o**4/6 - o**3/3 - 2*o**2. Suppose 60*p - 56*p = 3*h - 13, -4 = 4*p. What is d(h)?
-26
Let u(b) be the third derivative of b**6/144 + b**5/60 - 29*b**4/12 + 72*b**2. Let z(i) be the second derivative of u(i). What is z(-1)?
-3
Suppose 0 = -0*n + 3*n - 9. Let z(w) = -5*w - n + 3*w - 4*w. Suppose -2*u - 8*b + 7*b + 1 = 0, 10 = 2*b. Calculate z(u).
9
Let q(a) be the first derivative of -a**4/4 + a**3/3 + 2*a**2 - 10*a - 323. Calculate q(4).
-42
Suppose 0 = -9*i - 13 - 14. Let m(c) = 11*c - 4. Let k(s) = -9*s + 3. Let b(h) = i*k(h) - 2*m(h). Let w(a) = a - 7. Let p be w(6). Determine b(p).
-6
Suppose 5*s + 32 = 9*s. Suppose 12*k = 16*k - s. Let q(h) = 4*h**k - 9 + 7*h + 3*h**2 - 6*h**2. What is q(-8)?
-1
Let h(c) = 2509 + 2*c**3 - 1264 - 1263 - c**3 - 6*c**2 - 11*c. Determine h(6).
-84
Let q(o) be the second derivative of -2/3*o**3 - o**2 + 24*o - 1/20*o**5 - 2 + 1/3*o**4. Determine q(3).
-5
Let f(h) = h**3 - 21*h**2 + 53*h + 16. Let r = -3369 - -3387. Calculate f(r).
-2
Let x be (4/(-14)*-1)/((-22656)/840 - -27). Let q(a) = -3*a + 21. Give q(x).
-9
Let m(u) be the third derivative of -23*u**5/30 - u**4/6 + 5*u**3/6 - 6565*u**2. Determine m(1).
-45
Let y(f) = -27*f**2 + f - 1. Suppose -93*i + 10 = -83. Give y(i).
-27
Let u(x) = -x - 5. Let o = -22 - -22. Suppose w - 22 = -3*n, o*n = -3*w + 3*n + 90. Let d = -33 + w. Determine u(d).
0
Let p(z) = -z**2 + 18*z + 2940. Let o be p(-46). Let a(l) = -3*l. Let d(k) = 3*k - 1. Let g(b) = 4*a(b) + 3*d(b). What is g(o)?
9
Let n = 51 + -48. Let f(t) = 13*t + 3. Let m be f(n). Suppose 0 = 3*z - 10*z + m. Let q(o) = -2*o - 3. Calculate q(z).
-15
Let k(b) = -11*b**2 - b - 3. Suppose -18*t - 12 = -21*t. Let u(o) = o**2 + 1. Let p(q) = t*u(q) + k(q). Give p(1).
-7
Let y(v) = -8*v - 5*v**2 + 9*v + 2*v + 7 + v. Let m(q) = -11*q**2 + 8*q + 15. Let d(g) = 6*m(g) - 13*y(g). What is d(-4)?
-1
Let s be -2 + 35/6 - (-2)/12. Let i(g) be the third derivative of g**4/4 - g**3/6 - g**2. What is i(s)?
23
Let k(q) = 22*q + 3*q**2 + 19 - 9 - 14. Let m(r) = 2*r**2 + 21*r - 4. Let s(d) = -3*k(d) + 4*m(d). Determine s(17).
13
Let u be (-4)/30 - (-1474)/30. Let f = 54 - u. Let w(y) = -14*y**2 - 7*y + f*y**2 - 6 + 8*y**2. Determine w(-5).
4
Let l(p) = 4*p**3 + 14*p**2 - 18*p - 11. Let g(v) = -v**3 - v**2 + 3*v + 1. Suppose 38*o + 40 = 2. Let a(w) = o*l(w) - 5*g(w). Give a(9).
33
Let w(y) = -y**3 - 7*y**2 - 5*y + 4. Suppose 6 - 18 = 4*n. Let l be n*(7 + -6) + -3. What is w(l)?
-2
Let t(q) be the second derivative of -q**4/3 - 5*q**3/3 - 53*q + 44. Calculate t(-3).
-6
Let z(l) = l**3 - 3*l**2 - 45*l + 43. Let c be z(8). Let q(i) be the second derivative of 0 + 14*i - 1/6*i**c + 0*i**2. Calculate q(-6).
6
Suppose -6 = -9*l - 33. Let x be (1/(-2))/(14/(-56)). Let a(s) = 1 - x - s - 1 + 0*s. Calculate a(l).
1
Let z(x) = -x - 8. Suppose 24 = -4*p + 2*a, 0 = 4*p + 5*a + 1 + 9. Determine z(p).
-3
Let d(u) = -10*u - 348. Let r be d(-35). Let n(b) = 88*b - 39*b - 46*b + b**r. Suppose -3*f - 8 = 2*f - 2*a, 0 = 5*f - 5*a + 5. Calculate n(f).
-2
Suppose -9 = -3*m, -4*m = -3*p + 5*p + 64. Let g = p - -38. Let o be (-7)/(7/3) + g. Let c(s) = -s**2 - 3*s - 1. Calculate c(o).
-1
Let a(s) = 42 + 12*s + s**2 - 104 + 53. Give a(-13).
4
Let n(h) = 10*h - 3. Let f(v) = -v**3 - 14*v**2 + 73*v + 19. Let p be f(-18). Determine n(p).
7
Let z(l) = -l**3 - 5*l**2 - 3. Suppose 4*n + 20*n + 17784 = 0. Let w = -746 - n. Give z(w).
-3
Let t(d) = -3*d**2 - 16*d + 19. Let f be 8*(8 + (-805)/92). Give t(f).
7
Let k(y) be the third derivative of -11*y**4/24 - y**3/6 - y**2. Let h be 2920/50 - (-1 - 21/(-15)). Suppose d = 4*t + 6, h*d = 61*d - 2*t - 8. Calculate k(d).
-23
Let u be 7/28 + (-70)/(-8). Let f(z) = -z**3 + 2*z**3 - 2*z**3 + 16 + 7*z + 5*z**2 - u. Let b be (-100)/(-110) - 784/(-154). Calculate f(b).
13
Let g(a) = 5*a**3 - 2*a + 1. Let h be (1 + -2)/((-2)/134). Let c = h - 64. Suppose k + 0*m - c*m + 14 = 0, -5*k - 3*m = -20. Calculate g(k).
4
Let x be 16/(-2) - (-3 - -1). Let h(c) = c**3 + 3*c**2 + c. Let n be h(-2). Let b(i) = i + n + 13 - 9. Determine b(x).
0
Let o = -36752 + 36758. Let g(q) = -2*q**2 + 3*q + 21. Give g(o).
-33
Suppose -i = 2*r + 7, -3*i - 56*r - 6 = -53*r. Let q(x) = x**2 - 1. Let j(h) = 6*h**2 - 6*h + 2. Let o(s) = j(s) - 4*q(s). What is o(i)?
6
Let w be 29/4 + ((-30)/(-24))/((-15)/(-9)). Let k(p) = 3*p**2 - 16*p - 2. What is k(w)?
62
Let k(u) = -u**3 + 7*u**2 - 7*u + 5. Suppose 4*q - 33 = -5*i, -4*q - 8 = -16. Calculate k(i).
20
Let v(p) = -176*p + 98. Let x(b) = 232*b - 94. Let y(q) = -4*v(q) - 3*x(q). Give y(14).
2
Let a(c) = 4 - 800*c**3 + 0*c + 1594*c**3 - 796*c**3 + 5*c + 3*c**2. Determine a(-3).
70
Let s(o) = 3*o**3 - 49*o**2 + 12*o + 55. Let k be s(16). Let q(u) = u**3 + 10*u**2 + 12*u + 17. Determine q(k).
-10
Let q(i) = i**3 - 2*i**2 - 10*i + 1. Let v be (-126 + 122)/((-8)/(-6)). What is q(v)?
-14
Let d(u) be the second derivative of -u**4/12 - u**3 - 6*u**2 + 2*u - 129. Determine d(-12).
-84
Let g(y) be the third derivative of -1/24*y**4 + 0*y - 1/2*y**3 + 0 + 47*y**2. What is g(-6)?
3
Let q(z) = z**3 - 5*z**2 - 5*z - 2. Let b = -727 - -1879. Let j be (-12)/(-15) - b/(-10). Let v = j + -110. What is q(v)?
4
Let s = -4029 + 4031. Let t(y) be the first derivative of -y**5/20 - y**4/24 + y**3 + 2. Let o(h) be the third derivative of t(h). Calculate o(s).
-13
Let m = -33 + 21. Let q = m + 21. Let o(b) = b**2 - 13*b - 14. Let k(h) = -6*h**2 + 77*h + 81. Let s(l) = 3*k(l) + 17*o(l). Determine s(q).
14
Let o(d) = -2*d**2 + 5*d - 21. Let t(b) = -58*b - 58. Let g be t(-1). Calculate o(g).
-21
Let r = -50 - -54. Suppose -r*j = -8*j + 16. Let t(z) = -z**3 + 3*z**2 + 4*z + 1. Let s be t(j). Let y(n) = -6*n**2 - n. Determine y(s).
-7
Let y = -33 + 39. Suppose d + y = -d. Let u(j) = -2*j - j**3 - 2*j**3 + 2*j**3 - 4*j**2 + 4*j. What is u(d)?
-15
Let c(h) = h**2 + 6*h - 6. Let j(y) = y**3 + 41*y**2 - 2*y - 81. Let k be j(-41). Let i be c(k). Let l(s) = 39*s - 1. What is l(i)?
38
Suppose -z = 4*y + 1819, 0*y + 4*z = 4*y + 1804. Let p = y - -452. Let i(w) = 5*w + 3. Determine i(p).
-7
Let b(c) = 3*c**2 - 10*c - 17. Let v(x) = -52 - x**2 + 2*x**2 + 9*x**2 - 30*x. Let r(j) = 7*b(j) - 2*v(j). Let a be r(11). Let q(n) = -4*n + 4. What is q(a)?
20
Let p be (-2)/(-10) - 114/(-30). Let o(h) = -2 - 6*h**2 - 1 + 153*h + h**3 + 3 - 5 - 144*h. Calculate o(p).
-1
Let a(i) = 2*i**2 + i. Let j(d) = -d**3 - 6*d**2 + 36*d + 3. Let o(u) = 4*a(u) - j(u). Give o(-16).
-3
Let r be (28/(-6) - -4)/((-6)/(-9)). Let f(a) = a**3 - 6*a**2 + 8*a - 1. Let d(m) = -m**2 + m. Let u(i) = r*f(i) + 6*d(i). What is u(-2)?
13
Let w(k) = 7*k**2 - 10*k - 5. Let s(f) = -6*f**2 + 10*f + 4. Let v(t) = -5*s(t) - 4*w(t). Suppose 2*p - 22 = 3*o, 0 = -13*o + 17*o + 16. Calculate v(p).
0
Let g be 4 + (32/10 - 3)*5. Let k(h) = -16*h + 73. Calculate k(g).
-7
Let f be (-1)/(2/114*3). Let z = f - -19. Let i(c) = -9*c + 3 + z - 1 - 1. Give i(-1).
10
Suppose 9*b - 6*b = 15. Let g be (-55)/(-10) - 2/(-4). Let j(l) = -3*l - g + 2 - b. Determine j(-6).
9
Let o(s) = 5*s**2 - 9*s - 2. Let a(j) = 4*j**2 - 9*j - 2. Let x(k) = 3*a(k) - 2*o(k). Calculate x(4).
-6
Let b(j) = 11*j**2 + 15*j + 8. Let c(p) = 14*p**2 + 14*p + 9. Let i(r) = -4*b(r) + 3*c(r). Determine i(-9).
-5
Let i(h) = -3 + 56*h - 60*h - 1 + 3 + 0. Let v(k) = -k**2 + 3*k + 3. Let u be v(4). Let m(a) = 2*a**3 + a. Let c be m(u). Calculate i(c).
11
Let t(u) = -u**2 + 6*u + 2. Let j be t(7). Let a(k) be the first derivative of k